ine v(7).
44
Let m(i) = -2*i + 6. What is m(2)?
2
Let x(g) = g**2 + 10*g - 2. Calculate x(-9).
-11
Let a(g) = -2*g + 46. Determine a(10).
26
Let q(h) = h + 38. What is q(0)?
38
Let g(b) = -b**2 + 12*b - 11. Give g(9).
16
Let n(g) = -g**2 + 3*g + 21. Determine n(8).
-19
Let m(h) = -h + 22. Calculate m(-3).
25
Let x(d) = 3*d - 4. What is x(-2)?
-10
Let g(c) = -18*c**3 + c**2. Calculate g(1).
-17
Let b(u) = -u**3 - 11*u**2 + 8*u + 6. Give b(-12).
54
Let g(q) = -q**2 - 8*q + 11. Calculate g(4).
-37
Let l(v) = 17*v - 40. What is l(2)?
-6
Let q(s) = 37*s**3 - 3*s**2 + 2. What is q(1)?
36
Let o(t) = -3*t. What is o(-2)?
6
Let l(i) = -5*i**3 + i - 1. Determine l(1).
-5
Let g(o) = 2*o**2 - 13*o + 6. Calculate g(6).
0
Let a(b) = -b**2 - 8*b + 8. Calculate a(-7).
15
Let z(c) = -c**3 + 14*c**2 - 12*c - 10. Determine z(13).
3
Let w(g) = -46*g - 328. Calculate w(-7).
-6
Let l(f) = f**2 - 3*f - 45. Give l(7).
-17
Let b(t) = t**2 + 15*t + 52. Determine b(-10).
2
Let c(w) = w**2 - 12*w + 36. Calculate c(8).
4
Let i(d) = -4*d**2 + 2*d - 2. Calculate i(4).
-58
Let b(c) = -27*c + 274. Give b(9).
31
Let i(h) = -h**3 - 12*h**2 + 4. Give i(-12).
4
Let c(m) = m**3 - m**2 + 3*m - 2. What is c(0)?
-2
Let z(b) = -b**3 - 6*b**2 + 6*b + 1. What is z(-7)?
8
Let y(l) = -l**3 + 4*l**2 - l - 14. Determine y(5).
-44
Let h(f) = -8*f + 2. What is h(-3)?
26
Let a(n) = n**2 - 8*n - 113. Give a(15).
-8
Let y(r) = -41*r**2 + 3*r + 2. Calculate y(-1).
-42
Let v(g) = -3*g**3 + g**2 - g. Calculate v(1).
-3
Let f(j) = -j**3 + 4*j**2 - 3*j - 4. Determine f(4).
-16
Let s(t) = -t**3 - 6*t + 8. Determine s(2).
-12
Let i(k) = 3*k**2 + 8*k + 6. Determine i(-5).
41
Let a(u) = -u**2 + 4*u + 8. Give a(-8).
-88
Let q(w) = -w**3 - 16*w**2 + 18*w + 18. Determine q(-17).
1
Let j(w) = 3*w**3 + 20*w**2 - 7*w + 5. Calculate j(-7).
5
Let b(y) = -y**2 - 2*y + 4. Determine b(0).
4
Let i(b) = 9*b. What is i(4)?
36
Let s(a) = a**3 - 12*a**2 + 11*a - 1. Calculate s(11).
-1
Let l(g) = -g**3 - 5*g**2 + 10*g + 2. Calculate l(-7).
30
Let w(c) = -4*c + 19. Calculate w(10).
-21
Let a(z) = -2*z**3 + 21*z**2 - 6*z - 44. Determine a(10).
-4
Let j(b) = -b**3 + 9*b**2 - 13*b - 7. Determine j(6).
23
Let z(s) = -69*s**3 + s**2 - 2*s + 1. Give z(1).
-69
Let x(v) = v**3 + v**2 + 2. What is x(-2)?
-2
Let m(f) = f + 33. Calculate m(-11).
22
Let v(a) = 8*a - 35. Determine v(3).
-11
Let f(c) = c + 13. Give f(-5).
8
Let z(i) = -i**3 - 11*i**2 - 20*i - 6. Determine z(-9).
12
Let d(w) = -2*w - 6. Calculate d(-5).
4
Let y(p) = 3*p - 52. What is y(17)?
-1
Let m(h) = h. Calculate m(-7).
-7
Let d(s) = -s**3 - 6*s**2 + 3*s + 1. Determine d(-7).
29
Let l(v) = v**2 - 3*v + 1. Give l(3).
1
Let y(k) = -7*k**3 + 2*k**2 - 3*k - 3. Determine y(-2).
67
Let j(m) = -9*m**3. Calculate j(1).
-9
Let l(m) = m**2 - 8*m - 2. What is l(10)?
18
Let r(j) = -8*j + 1. What is r(1)?
-7
Let q(u) = u**2 + u + 3. Give q(-3).
9
Let j(k) = -k**2 - 26*k - 108. What is j(-5)?
-3
Let r(f) = -5*f + 13. Give r(-5).
38
Let q(w) = -w**3 + 2*w**2 + 31*w - 77. Give q(5).
3
Let h(c) = -c**2 + 6*c + 93. Calculate h(-8).
-19
Let s(w) = 29*w**3 + 3*w**2 + 4*w + 2. Calculate s(-1).
-28
Let y(h) = -3*h**2 - 25*h - 1. Determine y(-10).
-51
Let v(u) = -5*u**2 + 5*u + 11. What is v(-2)?
-19
Let w(q) = 5*q + 13. Calculate w(-3).
-2
Let i(q) = q**3 + 15*q**2 - 16*q + 7. Calculate i(-16).
7
Let o(c) = 2*c**3 - 13*c**2 + 9*c - 15. Determine o(6).
3
Let q(y) = 12*y - 6. Give q(-3).
-42
Let i(z) = z**2 + 5*z - 6. Determine i(7).
78
Let g(x) = -4*x + 28. Give g(7).
0
Let g(b) = -b**3 + 8*b**2 - 6*b. Calculate g(7).
7
Let s(v) = -9*v + 434. What is s(48)?
2
Let i(p) = -p**3 + 6*p**2 - 5. Determine i(5).
20
Let p(s) = -2*s**2 - 43*s + 157. What is p(-25)?
-18
Let c(a) = a**3 + 14*a**2 - 14*a + 20. What is c(-15)?
5
Let d(c) = -c**2 + 7*c - 7. Determine d(5).
3
Let x(f) = 31*f**3 + f**2 + 2*f + 2. Determine x(-1).
-30
Let q(u) = -2*u - 6. What is q(-3)?
0
Let i(l) = -l**3 - 5. Determine i(3).
-32
Let c(q) = q**3 + 7*q**2 - 4*q - 17. What is c(-7)?
11
Let b(c) = -c**3 + 14*c**2 - 11*c - 7. Give b(13).
19
Let t(z) = -2*z**3 - 6*z**2 - 7*z - 6. Calculate t(-4).
54
Let u(b) = -b**2 - b + 10. Calculate u(3).
-2
Let f(l) = l**3 - 14*l**2 + 12*l + 6. Give f(13).
-7
Let a(l) = -22*l**2 - 3*l + 4. What is a(2)?
-90
Let z(m) = -m**3 - 9*m**2 + 10*m - 4. Calculate z(-10).
-4
Let d(w) = -w**3 - 3*w**2 + 6*w - 3. Determine d(-5).
17
Let r(q) = 2*q**2 + 8*q + 10. What is r(-4)?
10
Let w(c) = c**3 - 6*c**2 + 8*c + 4. Determine w(6).
52
Let m(r) = r + 8. What is m(0)?
8
Let y(v) = -2*v - 9. What is y(-4)?
-1
Let q(v) = v**3 - 4*v**2 + v - 3. Determine q(3).
-9
Let f(k) = k**3 - 5*k**2 - 9*k + 41. Calculate f(7).
76
Let v(t) = -t + 11. Determine v(4).
7
Let b(f) = -15*f**2 - 3*f + 2. Calculate b(1).
-16
Let j(w) = w + 4. What is j(-21)?
-17
Let y(i) = i + 20. What is y(-17)?
3
Let d(v) = -v**2 - 32*v - 66. Give d(-30).
-6
Let x(a) = -a**3 + 2*a**2 + a + 8. What is x(0)?
8
Let i(o) = -2*o**2 - 32*o - 143. Give i(-11).
-33
Let p(b) = -b**3 - b**2 - 4*b - 12. What is p(-3)?
18
Let n(l) = -5*l**2 + 24*l + 9. Determine n(8).
-119
Let w(x) = x**2 - 15*x - 5. Determine w(13).
-31
Let g(f) = -f**2 - 6*f + 16. Determine g(-7).
9
Let a(q) = 3*q**3 + 3*q**2 + 2*q + 3. What is a(-2)?
-13
Let l(n) = 21*n**3 + n**2 - 1. Calculate l(1).
21
Let c(x) = 48*x**2 - 2*x + 1. Determine c(1).
47
Let n(g) = 6*g**3 - 2*g**2 + 1. Determine n(1).
5
Let q(z) = -2*z**2 + 22*z - 7. What is q(11)?
-7
Let o(i) = i**3 + i**2 - 5*i - 7. Determine o(-3).
-10
Let b(z) = 6*z**2 - 2*z - 2. What is b(-1)?
6
Let l(t) = -3*t + 11. What is l(-3)?
20
Let g(p) = -p**2 + p. Determine g(3).
-6
Let g(t) = -2*t**2 + 19*t - 3. Give g(9).
6
Let k(u) = -u**3 - 6*u**2 + 4*u - 33. Give k(-7).
-12
Let v(x) = x**2 - 7*x - 21. What is v(9)?
-3
Let u(v) = v**3 - v**2 + 3*v - 5. Calculate u(2).
5
Let z(l) = l + 8. Calculate z(15).
23
Let z(l) = 52*l**2 - 1. Calculate z(-1).
51
Let q(m) = -2*m**2 + 9*m + 1. What is q(5)?
-4
Let d(w) = 2*w**2 - 42*w - 69. Calculate d(23).
23
Let c(d) = -2*d**2 + 6*d - 5. Calculate c(3).
-5
Let i(k) = k**3 - 6*k**2 - 13. Calculate i(6).
-13
Let x(g) = -g - 12. Determine x(-11).
-1
Let z(d) = d**3 - 12*d**2 + 2*d - 29. Determine z(12).
-5
Let m(v) = 2*v**2 + 3. Determine m(3).
21
Let q(o) = -4*o - 11. Give q(-7).
17
Let x(n) = -27*n**2 - 132*n + 12. What is x(-5)?
-3
Let j(a) = a**3 + 6*a**2 - 14*a - 7. What is j(-6)?
77
Let r(h) = 2*h - 12. Give r(-10).
-32
Let x(c) = 11*c - 66. Determine x(7).
11
Let o(d) = -d**3 - d**2 + 4*d - 3. What is o(2)?
-7
Let x(t) = -2*t + 4. Give x(3).
-2
Let w(m) = m**3 + 40*m**2 - 174*m + 95. Determine w(-44).
7
Let s(m) = -m**2 - m - 3. Determine s(-4).
-15
Let d(g) = g**2 + 6*g - 84. Calculate d(7).
7
Let b(d) = d - 3. Calculate b(-4).
-7
Let x(h) = -h**2 + 2*h + 3. Give x(4).
-5
Let a(b) = -b**2 + 10*b + 9. What is a(11)?
-2
Let n(x) = -19*x + 131. Determine n(9).
-40
Let w(o) = 3*o**3 + 11*o**2 + 6*o - 2. Calculate w(-4).
-42
Let j(n) = 2*n**3 + 11*n**2 - 3*n + 12. Give j(-6).
-6
Let q(a) = -a + 8. Determine q(-8).
16
Let k(f) = f**2 - f + 27. Give k(0).
27
Let c(k) = 2*k**2 - 21*k + 17. Determine c(8).
-23
Let n(r) = -4*r**2 + 2. Give n(-2).
-14
Let z(m) = -105*m - 1052. Calculate z(-10).
-2
Let j(g) = g**3 + 9*g**2 + 17*g + 16. Determine j(-6).
22
Let v(b) = 3*b - 61. What is v(19)?
-4
Let r(t) = t**2 - 7*t - 8. Give r(10).
22
Let i(q) = -q**3 - 10*q**2 + 5*q + 56. Determine i(-10).
6
Let q(o) = o**3 + 22*o**2 - 46*o + 53. Calculate q(-24).
5
Let j(x) = -5*x - 83. Calculate j(-17).
2
Let f(r) = -r - 3. Calculate f(-6).
3
Let b(w) = -9*w - 39. Determine b(-7).
24
Let o(u) = 2*u**2 - 83*u - 133. Give o(43).
-4
Let h(d) = -d**2 - 7*d + 2. Give h(-7).
2
Let x(y) = -y**2 + 4*y + 67. Give x(-6).
7
Let n(l) = -l**2 - l + 25. Calculate n(5).
-5
Let x(f) = 2*f + 28. What is x(-13)?
2
Let y(a) = 2*a**2 + 8*a - 5. Determine y(-8).
59
Let s(q) = -q**3 + 12*q**2 + 5*q - 1. Calculate s(12).
59
Let k(v) = v**3 - 2*v**2 - 3*v + 2. Give k(4).
22
Let p(q) = 37*q**3 + q**2. Give p(1).
38
Let u(d) = -5*d**2 + 2*d - 17. Determine u(0).
-17
Let v(a) = 6*a + 90. Give v(-11).
24
Let o(s) = 5*s. Determine o(1).
5
Let q(d) = -31*d + 904. What is q(29)?
5
Let r(h) = -6*h**2 + 5. Calculate r(2).
-19
Let f(g) = g**2 - 1